 highest common divisor of a and u.
18
Let j be ((-252)/49)/(6/(-14)). Calculate the highest common divisor of 44 and j.
4
Let s be (-1 + (-3)/(-1) - 1)*15. Suppose 5*b - s - 5 = 0. Calculate the greatest common factor of b and 26.
2
Let r be 5 + -1 - (2 + -2). Let y be (-6)/(-4) + (-26)/r. Let i be ((-22)/4)/(y/10). Calculate the greatest common divisor of 1 and i.
1
Suppose 0 = 4*h - 20, 643 = 3*r + 3*h - 4*h. Calculate the greatest common divisor of 81 and r.
27
Let m(q) = q**3 + 5*q**2 - 2. Let w be m(-5). Let f = 8 - w. Let n = 61 + 9. What is the highest common factor of n and f?
10
Let x(j) = 7*j**2 + 2*j - 1. Let p be x(1). Let w be (-96)/(-18)*(-3)/6*-3. Calculate the greatest common factor of p and w.
8
Suppose -83*f = -29*f - 1350. Calculate the greatest common divisor of 400 and f.
25
Let b be (133 - 0/3) + -3. Suppose 9*a = 4*a + b. Calculate the greatest common divisor of a and 13.
13
Suppose 7 = 2*s - 1, 2*a + 8 = 2*s. Let b be 12 + -6 - a/(-2). What is the highest common divisor of b and 12?
6
Suppose -2*q - 2*w + 29 = -97, -2*q + 3*w = -116. Let r = q - 44. Calculate the greatest common divisor of r and 17.
17
Let x be ((-10829)/98)/(-2*(-1)/(-4)). Calculate the highest common factor of 85 and x.
17
Let d = -76 + 84. Suppose -d*n + 878 = -882. Calculate the highest common factor of 20 and n.
20
Let a be (15/(-2))/((-148)/24 + 6). Let m be (-6)/a + (-47)/(-15) + -2. Let o be (-3)/(6/(-4)) + 2. What is the greatest common factor of o and m?
1
Let n(b) = 5*b - 25. Let v be (-170)/(-15) + 5/(-15). Let w be n(v). What is the greatest common factor of 12 and w?
6
Let r(a) = -a**3 + 14*a**2 + 4. Let s be r(14). Suppose 5*m + s*u = 292, 2*m = 4*m - u - 109. Calculate the greatest common divisor of m and 7.
7
Let l(y) be the first derivative of -y**4/4 + 5*y**3/3 + 2*y**2 - 3. Let m be l(-3). Let d = m - 15. Calculate the greatest common factor of 5 and d.
5
Let k be 3/(-8 - 1734/(-216)). What is the greatest common factor of k and 522?
18
Suppose -36 = 4*j - 3*j. Let h = j - -261. Suppose g = -2*g + h. Calculate the greatest common factor of g and 30.
15
Let o be 0/((-2)/(-6)*9). Suppose -4*l = o, 2*l = z + 3*z - 120. Calculate the highest common factor of z and 10.
10
Let o be -2*6/4 - -18. Let k = 26 - o. Let v = k + 37. What is the greatest common divisor of v and 12?
12
Let n = 18 + -10. Let z = n + 0. Calculate the highest common factor of 72 and z.
8
Let l be 134/4*2/(-1). Let a = -322 + 278. Let b = a - l. What is the highest common divisor of b and 161?
23
Suppose 5*d + 7 = -5*j + 2, 2*d + 6 = 0. Let c(k) = k + 6*k**j + 5*k**2 - 5*k**2 + 5*k**2. Let b be c(1). What is the highest common factor of b and 4?
4
Let z(f) = 4 - 2*f + 12 - f**2 - 3*f + f. Let j be z(-5). Calculate the greatest common factor of j and 55.
11
Let u be (-2)/(-10) - (-14)/5. Suppose u + 125 = 2*t. Calculate the highest common factor of t and 16.
16
Let m = -130 + 202. What is the highest common factor of m and 24?
24
Let p = -297 + 301. Calculate the greatest common divisor of 52 and p.
4
Let n = 2 - 0. Let v = 3106 + -3088. What is the highest common factor of n and v?
2
Suppose 0 = -5*p - 45 - 30. Let w(y) = y**3 + 15*y**2 + 2. Let m be w(p). Calculate the greatest common factor of 8 and m.
2
Suppose 0 = -7*i + 7 - 63. Let d be (-9)/(1 + 10/i). Let f = 6 + -2. What is the greatest common divisor of f and d?
4
Let w = -299 + 502. Calculate the greatest common divisor of 29 and w.
29
Let v = 29 - 52. Let j = v - -37. Let t be (-108)/(-14) + 4/j. Calculate the highest common divisor of 24 and t.
8
Let s = 84 + -81. Suppose -s*r - 136 = -5*r. What is the greatest common factor of r and 170?
34
Let x(o) = o**2 - 11*o + 13. Let y be x(14). Let w = -28 + y. Suppose -36 = d - 3*d. Calculate the highest common divisor of d and w.
9
Suppose -4*g - 10 = -c, -4*c + 12 = c - g. Calculate the greatest common factor of 82 and c.
2
Let j be (-35)/(-21)*6/5. What is the greatest common divisor of j and 46?
2
Let u be 5/2 + 3/(1*-6). Suppose 0 = u*a - 94 + 50. What is the greatest common factor of 2 and a?
2
Let b(l) = -2*l + 78. Let z be b(10). Let c be (-436)/(-5) + (-2)/10. What is the highest common divisor of z and c?
29
Let q(y) = -y**3 + 3. Suppose -5*p + 3 = -2*p + s, 4*p + s - 3 = 0. Let j be q(p). What is the greatest common divisor of j and 24?
3
Suppose 15*r = 3*r + 1152. Suppose 2*q = 4*q - r. Suppose -2*t + 63 = 15. Calculate the highest common factor of q and t.
24
Let z = 1266 + -1198. Calculate the greatest common divisor of 17 and z.
17
Let b(c) = -24*c + 731. Let m be b(30). What is the highest common divisor of m and 594?
11
Suppose -4*s + 6*s - 116 = 4*m, 5*m + 235 = 4*s. Let j = -78 + 118. Calculate the highest common divisor of j and s.
20
Let z be ((-272)/28)/(2/(-14)). What is the highest common factor of z and 1836?
68
Let a(h) = 240*h**2 + 14*h + 18. Let o be a(-2). What is the greatest common factor of o and 19?
19
Let a be (-1399)/(-7) + 9/63. Suppose 0 = 33*m - 28*m - a. Calculate the greatest common divisor of 320 and m.
40
Let h be (19 - 53)/((-6)/135). Calculate the highest common factor of h and 45.
45
Let c(k) = -32*k - 162. Let t be c(-6). Let v(y) = 2*y**2 - 2. Let q be v(-4). What is the greatest common divisor of t and q?
30
Let v = 7 + -2. Suppose -q = -v*q + 20, -2*f - 45 = -3*q. Let s = f - -26. Calculate the greatest common divisor of 77 and s.
11
Suppose 5*i + 41 = -74. Let n = -21 - i. Suppose -n = -4*c + 58. Calculate the highest common factor of c and 15.
15
Suppose 5*o - 1237 - 63 = 0. What is the greatest common divisor of 195 and o?
65
Let d(n) = -15*n - 45. Let p be d(-5). Calculate the greatest common divisor of p and 10.
10
Let h = -57 - -31. Let v = 139 - h. Suppose 6*s = 3*s + v. What is the highest common factor of s and 5?
5
Let n be (-7)/(-2)*12/21. Let a be 3/((-2)/(-4)*n). Suppose -a = 2*u + 5*k, 0 - 1 = u + 2*k. What is the greatest common factor of 4 and u?
1
Let s be (-3)/(-11 - 1) + 93/12. Let v be 9 + 2 - -1*1. What is the highest common factor of s and v?
4
Let j(f) = f**3 + 8*f**2 + 6*f + 26. Let m be j(-6). Calculate the highest common factor of 1054 and m.
62
Let c be (-15)/(-3)*(-111)/(-15). Suppose -3*y + 71 = -b + 5*b, -2*b - y = -c. Calculate the greatest common divisor of 10 and b.
10
Let u be 1*13*2 - -2. Let w(k) be the second derivative of k**3/6 + 19*k**2/2 - 5*k. Let r be w(-12). Calculate the greatest common divisor of u and r.
7
Let s be ((80/(-6))/(-1))/(4/24). Let i = -42 + s. Calculate the highest common factor of 19 and i.
19
Let s be 35/42*9*76. Calculate the highest common divisor of 38 and s.
38
Let c be (2 - -4) + -1 + 1248. What is the greatest common factor of 7 and c?
7
Suppose 10 + 0 = -5*p. Let j be (p - (-10)/4)*-2. Let f(k) = -4*k + 1. Let o be f(j). What is the greatest common divisor of 5 and o?
5
Suppose -2*z = -4 + 2. Suppose 0 = 6*a - 8 - 34. Calculate the greatest common divisor of a and z.
1
Suppose -y - 8*y = 18. Let j be 2 + (2 + -5 - y). What is the greatest common divisor of j and 3?
1
Let b = 4 + 2. Suppose v = b*v. Suppose -4*n = -v*n - 88. What is the highest common divisor of n and 11?
11
Suppose 0 = 9*v - 6*v + 48. Let q = v - -19. What is the highest common factor of q and 24?
3
Suppose 2*c = 2*y - 56, y - 5*y = 3*c - 84. Calculate the greatest common factor of 1944 and y.
24
Let q = 798 + -574. What is the greatest common factor of q and 24?
8
Let j = 712 - 586. What is the greatest common divisor of 144 and j?
18
Let g(t) = 3*t**3 - 10*t**2 - 3*t - 8. Let l be g(4). Calculate the greatest common divisor of l and 2.
2
Let c be ((-6)/18)/((-1)/12). Let l be ((c - 2) + -5)*-6. What is the highest common factor of l and 24?
6
Suppose 3*c + 5*a = 2 + 111, 0 = -c + 2*a + 34. Let f = c + -33. What is the highest common factor of 3 and f?
3
Let x(h) = -8*h + 1. Let z be x(1). Let c be 33/18 - z/42. Suppose 28 = f + 5*k, 56 = -0*f + c*f - 4*k. What is the highest common divisor of f and 14?
14
Let t(g) = -g**3 - 4*g**2 + g + 4. Suppose v - 3*v - 8 = 0. Let q be t(v). Suppose q*d = -6*d + 72. Calculate the greatest common factor of 132 and d.
12
Let h = 213 - 50. Suppose -8*b + 189 = -h. Let o = 1 + 10. What is the greatest common factor of b and o?
11
Let i(j) =